{"id":1167,"date":"2019-10-05T17:54:20","date_gmt":"2019-10-05T14:54:20","guid":{"rendered":"http:\/\/akmasmadencilik.com\/?page_id=1167"},"modified":"2019-11-11T20:17:52","modified_gmt":"2019-11-11T17:17:52","slug":"fotograflar","status":"publish","type":"page","link":"http:\/\/akmasmadencilik.com\/index.php\/fotograflar\/","title":{"rendered":"AKMA\u015e MADENC\u0130L\u0130K"},"content":{"rendered":"<section class=\"kc-elm kc-css-638821 kc_row\"><div class=\"kc-row-container  kc-container\"><div class=\"kc-wrap-columns\"><div class=\"kc-elm kc-css-449562 kc_col-sm-12 kc_column kc_col-sm-12\"><div class=\"kc-col-container\"><div class=\"kc-image-gallery kc-elm kc-css-92350\">\n<div class=\"kc_image_gallery kc-carousel-image kc-grid \">\n<div class=\"item-grid grid-1\"><a class=\"kc-image-link kc-pretty-photo\" data-lightbox=\"kc-lightbox\" rel=\"kc-pretty-photo[22626936]\" href=\"http:\/\/akmasmadencilik.com\/wp-content\/uploads\/2019\/10\/akmas-madencilik-fotograf-galerisi20.png\"><img decoding=\"async\" src=\"http:\/\/akmasmadencilik.com\/wp-content\/uploads\/2019\/10\/akmas-madencilik-fotograf-galerisi20.png\" alt=\"\"\/><div class=\"kc-image-overlay\"><i class=\"fa-plus\"><\/i><\/div><\/a><\/div><div class=\"item-grid grid-1\"><a class=\"kc-image-link kc-pretty-photo\" data-lightbox=\"kc-lightbox\" rel=\"kc-pretty-photo[22626936]\" href=\"http:\/\/akmasmadencilik.com\/wp-content\/uploads\/2019\/10\/akmas-madencilik-fotograf-galerisi19.png\"><img decoding=\"async\" src=\"http:\/\/akmasmadencilik.com\/wp-content\/uploads\/2019\/10\/akmas-madencilik-fotograf-galerisi19.png\" alt=\"\"\/><div class=\"kc-image-overlay\"><i class=\"fa-plus\"><\/i><\/div><\/a><\/div><div class=\"item-grid grid-1\"><a class=\"kc-image-link kc-pretty-photo\" data-lightbox=\"kc-lightbox\" rel=\"kc-pretty-photo[22626936]\" href=\"http:\/\/akmasmadencilik.com\/wp-content\/uploads\/2019\/10\/akmas-madencilik-fotograf-galerisi18.png\"><img decoding=\"async\" src=\"http:\/\/akmasmadencilik.com\/wp-content\/uploads\/2019\/10\/akmas-madencilik-fotograf-galerisi18.png\" alt=\"\"\/><div class=\"kc-image-overlay\"><i class=\"fa-plus\"><\/i><\/div><\/a><\/div><div class=\"item-grid grid-1\"><a class=\"kc-image-link kc-pretty-photo\" data-lightbox=\"kc-lightbox\" rel=\"kc-pretty-photo[22626936]\" href=\"http:\/\/akmasmadencilik.com\/wp-content\/uploads\/2019\/10\/akmas-madencilik-fotograf-galerisi11.png\"><img decoding=\"async\" src=\"http:\/\/akmasmadencilik.com\/wp-content\/uploads\/2019\/10\/akmas-madencilik-fotograf-galerisi11.png\" alt=\"\"\/><div class=\"kc-image-overlay\"><i class=\"fa-plus\"><\/i><\/div><\/a><\/div><div class=\"item-grid grid-1\"><a class=\"kc-image-link kc-pretty-photo\" data-lightbox=\"kc-lightbox\" rel=\"kc-pretty-photo[22626936]\" href=\"http:\/\/akmasmadencilik.com\/wp-content\/uploads\/2019\/10\/akmas-madencilik-fotograf-galerisi10.png\"><img decoding=\"async\" src=\"http:\/\/akmasmadencilik.com\/wp-content\/uploads\/2019\/10\/akmas-madencilik-fotograf-galerisi10.png\" alt=\"\"\/><div class=\"kc-image-overlay\"><i class=\"fa-plus\"><\/i><\/div><\/a><\/div><div class=\"item-grid grid-1\"><a class=\"kc-image-link kc-pretty-photo\" data-lightbox=\"kc-lightbox\" rel=\"kc-pretty-photo[22626936]\" href=\"http:\/\/akmasmadencilik.com\/wp-content\/uploads\/2019\/10\/akmas-madencilik-fotograf-galerisi9.png\"><img decoding=\"async\" src=\"http:\/\/akmasmadencilik.com\/wp-content\/uploads\/2019\/10\/akmas-madencilik-fotograf-galerisi9.png\" alt=\"\"\/><div class=\"kc-image-overlay\"><i class=\"fa-plus\"><\/i><\/div><\/a><\/div><div class=\"item-grid grid-1\"><a class=\"kc-image-link kc-pretty-photo\" data-lightbox=\"kc-lightbox\" rel=\"kc-pretty-photo[22626936]\" href=\"http:\/\/akmasmadencilik.com\/wp-content\/uploads\/2019\/10\/akmas-madencilik-fotograf-galerisi8.png\"><img decoding=\"async\" src=\"http:\/\/akmasmadencilik.com\/wp-content\/uploads\/2019\/10\/akmas-madencilik-fotograf-galerisi8.png\" alt=\"\"\/><div class=\"kc-image-overlay\"><i class=\"fa-plus\"><\/i><\/div><\/a><\/div><div class=\"item-grid grid-1\"><a class=\"kc-image-link kc-pretty-photo\" data-lightbox=\"kc-lightbox\" rel=\"kc-pretty-photo[22626936]\" href=\"http:\/\/akmasmadencilik.com\/wp-content\/uploads\/2019\/10\/akmas-madencilik-fotograf-galerisi7.png\"><img decoding=\"async\" src=\"http:\/\/akmasmadencilik.com\/wp-content\/uploads\/2019\/10\/akmas-madencilik-fotograf-galerisi7.png\" alt=\"\"\/><div class=\"kc-image-overlay\"><i class=\"fa-plus\"><\/i><\/div><\/a><\/div><div class=\"item-grid grid-1\"><a class=\"kc-image-link kc-pretty-photo\" data-lightbox=\"kc-lightbox\" rel=\"kc-pretty-photo[22626936]\" href=\"http:\/\/akmasmadencilik.com\/wp-content\/uploads\/2019\/10\/akmas-madencilik-fotograf-galerisi6.png\"><img decoding=\"async\" src=\"http:\/\/akmasmadencilik.com\/wp-content\/uploads\/2019\/10\/akmas-madencilik-fotograf-galerisi6.png\" alt=\"\"\/><div class=\"kc-image-overlay\"><i class=\"fa-plus\"><\/i><\/div><\/a><\/div><div class=\"item-grid grid-1\"><a class=\"kc-image-link kc-pretty-photo\" data-lightbox=\"kc-lightbox\" rel=\"kc-pretty-photo[22626936]\" href=\"http:\/\/akmasmadencilik.com\/wp-content\/uploads\/2019\/10\/akmas-madencilik-fotograf-galerisi5.png\"><img decoding=\"async\" src=\"http:\/\/akmasmadencilik.com\/wp-content\/uploads\/2019\/10\/akmas-madencilik-fotograf-galerisi5.png\" alt=\"\"\/><div class=\"kc-image-overlay\"><i class=\"fa-plus\"><\/i><\/div><\/a><\/div><div class=\"item-grid grid-1\"><a class=\"kc-image-link kc-pretty-photo\" data-lightbox=\"kc-lightbox\" rel=\"kc-pretty-photo[22626936]\" href=\"http:\/\/akmasmadencilik.com\/wp-content\/uploads\/2019\/10\/akmas-madencilik-fotograf-galerisi4.png\"><img decoding=\"async\" src=\"http:\/\/akmasmadencilik.com\/wp-content\/uploads\/2019\/10\/akmas-madencilik-fotograf-galerisi4.png\" alt=\"\"\/><div class=\"kc-image-overlay\"><i class=\"fa-plus\"><\/i><\/div><\/a><\/div><div class=\"item-grid grid-1\"><a class=\"kc-image-link kc-pretty-photo\" data-lightbox=\"kc-lightbox\" rel=\"kc-pretty-photo[22626936]\" href=\"http:\/\/akmasmadencilik.com\/wp-content\/uploads\/2019\/10\/akmas-madencilik-fotograf-galerisi3.png\"><img decoding=\"async\" src=\"http:\/\/akmasmadencilik.com\/wp-content\/uploads\/2019\/10\/akmas-madencilik-fotograf-galerisi3.png\" alt=\"\"\/><div class=\"kc-image-overlay\"><i class=\"fa-plus\"><\/i><\/div><\/a><\/div><div class=\"item-grid grid-1\"><a class=\"kc-image-link kc-pretty-photo\" data-lightbox=\"kc-lightbox\" rel=\"kc-pretty-photo[22626936]\" href=\"http:\/\/akmasmadencilik.com\/wp-content\/uploads\/2019\/10\/akmas-madencilik-fotograf-galerisi2.png\"><img decoding=\"async\" src=\"http:\/\/akmasmadencilik.com\/wp-content\/uploads\/2019\/10\/akmas-madencilik-fotograf-galerisi2.png\" alt=\"\"\/><div class=\"kc-image-overlay\"><i class=\"fa-plus\"><\/i><\/div><\/a><\/div><div class=\"item-grid grid-1\"><a class=\"kc-image-link kc-pretty-photo\" data-lightbox=\"kc-lightbox\" rel=\"kc-pretty-photo[22626936]\" href=\"http:\/\/akmasmadencilik.com\/wp-content\/uploads\/2019\/10\/akmas-madencilik-fotograf-galerisi1.png\"><img decoding=\"async\" src=\"http:\/\/akmasmadencilik.com\/wp-content\/uploads\/2019\/10\/akmas-madencilik-fotograf-galerisi1.png\" alt=\"\"\/><div class=\"kc-image-overlay\"><i class=\"fa-plus\"><\/i><\/div><\/a><\/div><div class=\"item-grid grid-1\"><a class=\"kc-image-link kc-pretty-photo\" data-lightbox=\"kc-lightbox\" rel=\"kc-pretty-photo[22626936]\" href=\"http:\/\/akmasmadencilik.com\/wp-content\/uploads\/2019\/10\/akmas-madencilik-fotograf-galerisi17.png\"><img decoding=\"async\" src=\"http:\/\/akmasmadencilik.com\/wp-content\/uploads\/2019\/10\/akmas-madencilik-fotograf-galerisi17.png\" alt=\"\"\/><div class=\"kc-image-overlay\"><i class=\"fa-plus\"><\/i><\/div><\/a><\/div><div class=\"item-grid grid-1\"><a class=\"kc-image-link kc-pretty-photo\" data-lightbox=\"kc-lightbox\" rel=\"kc-pretty-photo[22626936]\" href=\"http:\/\/akmasmadencilik.com\/wp-content\/uploads\/2019\/10\/akmas-madencilik-fotograf-galerisi16.png\"><img decoding=\"async\" src=\"http:\/\/akmasmadencilik.com\/wp-content\/uploads\/2019\/10\/akmas-madencilik-fotograf-galerisi16.png\" alt=\"\"\/><div class=\"kc-image-overlay\"><i class=\"fa-plus\"><\/i><\/div><\/a><\/div><div class=\"item-grid grid-1\"><a class=\"kc-image-link kc-pretty-photo\" data-lightbox=\"kc-lightbox\" rel=\"kc-pretty-photo[22626936]\" href=\"http:\/\/akmasmadencilik.com\/wp-content\/uploads\/2019\/10\/akmas-madencilik-fotograf-galerisi15.png\"><img decoding=\"async\" src=\"http:\/\/akmasmadencilik.com\/wp-content\/uploads\/2019\/10\/akmas-madencilik-fotograf-galerisi15.png\" alt=\"\"\/><div class=\"kc-image-overlay\"><i class=\"fa-plus\"><\/i><\/div><\/a><\/div><div class=\"item-grid grid-1\"><a class=\"kc-image-link kc-pretty-photo\" data-lightbox=\"kc-lightbox\" rel=\"kc-pretty-photo[22626936]\" href=\"http:\/\/akmasmadencilik.com\/wp-content\/uploads\/2019\/10\/akmas-madencilik-fotograf-galerisi14.png\"><img decoding=\"async\" src=\"http:\/\/akmasmadencilik.com\/wp-content\/uploads\/2019\/10\/akmas-madencilik-fotograf-galerisi14.png\" alt=\"\"\/><div class=\"kc-image-overlay\"><i class=\"fa-plus\"><\/i><\/div><\/a><\/div><div class=\"item-grid grid-1\"><a class=\"kc-image-link kc-pretty-photo\" data-lightbox=\"kc-lightbox\" rel=\"kc-pretty-photo[22626936]\" href=\"http:\/\/akmasmadencilik.com\/wp-content\/uploads\/2019\/10\/akmas-madencilik-fotograf-galerisi13.png\"><img decoding=\"async\" src=\"http:\/\/akmasmadencilik.com\/wp-content\/uploads\/2019\/10\/akmas-madencilik-fotograf-galerisi13.png\" alt=\"\"\/><div class=\"kc-image-overlay\"><i class=\"fa-plus\"><\/i><\/div><\/a><\/div><div class=\"item-grid grid-1\"><a class=\"kc-image-link kc-pretty-photo\" data-lightbox=\"kc-lightbox\" rel=\"kc-pretty-photo[22626936]\" href=\"http:\/\/akmasmadencilik.com\/wp-content\/uploads\/2019\/10\/akmas-madencilik-fotograf-galerisi12.png\"><img decoding=\"async\" src=\"http:\/\/akmasmadencilik.com\/wp-content\/uploads\/2019\/10\/akmas-madencilik-fotograf-galerisi12.png\" alt=\"\"\/><div class=\"kc-image-overlay\"><i class=\"fa-plus\"><\/i><\/div><\/a><\/div><\/div>\n<\/div><\/div><\/div><\/div><\/div><\/section>\n","protected":false},"excerpt":{"rendered":"","protected":false},"author":1,"featured_media":0,"parent":0,"menu_order":0,"comment_status":"closed","ping_status":"closed","template":"","meta":{"footnotes":""},"class_list":["post-1167","page","type-page","status-publish","hentry"],"_links":{"self":[{"href":"http:\/\/akmasmadencilik.com\/index.php\/wp-json\/wp\/v2\/pages\/1167","targetHints":{"allow":["GET"]}}],"collection":[{"href":"http:\/\/akmasmadencilik.com\/index.php\/wp-json\/wp\/v2\/pages"}],"about":[{"href":"http:\/\/akmasmadencilik.com\/index.php\/wp-json\/wp\/v2\/types\/page"}],"author":[{"embeddable":true,"href":"http:\/\/akmasmadencilik.com\/index.php\/wp-json\/wp\/v2\/users\/1"}],"replies":[{"embeddable":true,"href":"http:\/\/akmasmadencilik.com\/index.php\/wp-json\/wp\/v2\/comments?post=1167"}],"version-history":[{"count":21,"href":"http:\/\/akmasmadencilik.com\/index.php\/wp-json\/wp\/v2\/pages\/1167\/revisions"}],"predecessor-version":[{"id":1171,"href":"http:\/\/akmasmadencilik.com\/index.php\/wp-json\/wp\/v2\/pages\/1167\/revisions\/1171"}],"wp:attachment":[{"href":"http:\/\/akmasmadencilik.com\/index.php\/wp-json\/wp\/v2\/media?parent=1167"}],"curies":[{"name":"wp","href":"https:\/\/api.w.org\/{rel}","templated":true}]}}